{"id":202,"date":"2020-11-30T21:51:56","date_gmt":"2020-11-30T20:51:56","guid":{"rendered":"http:\/\/amis-st-mathieu.org\/?page_id=202"},"modified":"2025-04-09T11:48:00","modified_gmt":"2025-04-09T09:48:00","slug":"preparer-votre-visite","status":"publish","type":"page","link":"https:\/\/amis-st-mathieu.org\/index.php\/preparer-votre-visite\/","title":{"rendered":"Pr\u00e9parer votre visite : horaires et tarifs"},"content":{"rendered":"\n<p><strong>HORAIRES 2024<br><\/strong>\u00c9t\u00e9 (juillet et ao\u00fbt)&nbsp;: 10h30-13h00 \/ 14h00-19h30<br><em>Pour toute visite du mus\u00e9e hors de ces p\u00e9riodes, merci de <a href=\"https:\/\/amis-st-mathieu.org\/index.php\/contact\/\" target=\"_blank\" rel=\"noreferrer noopener\">contacter<\/a> l\u2019association.&nbsp;<\/em><\/p>\n\n\n\n<p>Offertes par l\u2019association, des <strong>visites guid\u00e9es<\/strong> du site (hors phare) sont propos\u00e9es tous les apr\u00e8s-midi durant la p\u00e9riode estivale, ainsi que pour les Journ\u00e9es du Patrimoine. Pour toute visite guid\u00e9e hors de ces p\u00e9riodes, <a href=\"https:\/\/amis-st-mathieu.org\/index.php\/contact\/\" target=\"_blank\" rel=\"noreferrer noopener\">contacter<\/a> l\u2019association. Pour en savoir plus, voir <a rel=\"noreferrer noopener\" href=\"https:\/\/amis-st-mathieu.org\/index.php\/les-visites-guidees\/\" target=\"_blank\">Les visites guid\u00e9es<\/a>.<\/p>\n\n\n\n<p><strong>TARIFS DU MUS\u00c9E<\/strong><\/p>\n\n\n\n<p class=\"has-medium-font-size\"><strong>Billet mus\u00e9e\u00a0(en vente au mus\u00e9e) : 3,00 \u20ac<\/strong><\/p>\n\n\n\n<p><strong>Billet phare + mus\u00e9e&nbsp;: en vente au phare<br><\/strong>Plein tarif \/ Adultes&nbsp;: 5,00 \u20ac<br>Enfants&nbsp;: 2,50 \u20ac<br>Tarif r\u00e9duit (sur pr\u00e9sentation d&rsquo;un justificatif) : 3,50 \u20ac<\/p>\n\n\n<div class=\"wp-block-image is-style-default\">\n<figure class=\"aligncenter size-large is-resized\"><img loading=\"lazy\" decoding=\"async\" width=\"1024\" height=\"398\" src=\"https:\/\/amis-st-mathieu.org\/wp-content\/uploads\/2020\/12\/photo-Musee-_2-1024x398.jpg\" alt=\"\" class=\"wp-image-325\" style=\"width:419px;height:162px\" srcset=\"https:\/\/amis-st-mathieu.org\/wp-content\/uploads\/2020\/12\/photo-Musee-_2-1024x398.jpg 1024w, https:\/\/amis-st-mathieu.org\/wp-content\/uploads\/2020\/12\/photo-Musee-_2-300x117.jpg 300w, https:\/\/amis-st-mathieu.org\/wp-content\/uploads\/2020\/12\/photo-Musee-_2-768x299.jpg 768w, https:\/\/amis-st-mathieu.org\/wp-content\/uploads\/2020\/12\/photo-Musee-_2-1536x598.jpg 1536w, https:\/\/amis-st-mathieu.org\/wp-content\/uploads\/2020\/12\/photo-Musee-_2-2048x797.jpg 2048w\" sizes=\"auto, (max-width: 767px) 89vw, (max-width: 1000px) 54vw, (max-width: 1071px) 543px, 580px\" \/><figcaption class=\"wp-element-caption\">             Le mus\u00e9e, en contre-bas du phare (photo Armand Breton).<\/figcaption><\/figure>\n<\/div>\n\n\n<p><strong>ACC\u00c8S<\/strong><\/p>\n\n\n\n<p><em>En voiture&nbsp;:<br><\/em>Depuis le bourg de Plougonvelin&nbsp;: 5 minutes.&nbsp;<br>Depuis le bourg du Conquet&nbsp;: 10 minutes.&nbsp;<br>Depuis Brest&nbsp;: 35-40 minutes.<\/p>\n\n\n\n<p><strong>SERVICES<\/strong><\/p>\n\n\n\n<p><strong>Parkings<\/strong>&nbsp;: en face de l\u2019hostellerie, ou derri\u00e8re l\u2019enclos des moines <em>(voir le plan ci-dessous)<\/em>.&nbsp;<br><strong>WC<\/strong>&nbsp;: en contre-bas du parking principal (pr\u00e8s du sentier c\u00f4tier, dans l\u2019entr\u00e9e du terrain militaire) ou derri\u00e8re l\u2019enclos des moines <em>(voir le plan ci-dessous)<\/em>.<\/p>\n","protected":false},"excerpt":{"rendered":"<p>HORAIRES 2024\u00c9t\u00e9 (juillet et ao\u00fbt)&nbsp;: 10h30-13h00 \/ 14h00-19h30Pour toute visite du mus\u00e9e hors de ces p\u00e9riodes, merci de contacter l\u2019association.&nbsp; Offertes par l\u2019association, des visites guid\u00e9es du site (hors phare) sont propos\u00e9es tous les apr\u00e8s-midi durant la p\u00e9riode estivale, ainsi que pour les Journ\u00e9es du Patrimoine. Pour toute visite guid\u00e9e hors de ces p\u00e9riodes, contacter &hellip; <\/p>\n<p class=\"link-more\"><a href=\"https:\/\/amis-st-mathieu.org\/index.php\/preparer-votre-visite\/\" class=\"more-link\">Continuer la lecture<span class=\"screen-reader-text\"> de &laquo;&nbsp;Pr\u00e9parer votre visite : horaires et tarifs&nbsp;&raquo;<\/span><\/a><\/p>\n","protected":false},"author":7,"featured_media":0,"parent":0,"menu_order":0,"comment_status":"closed","ping_status":"closed","template":"","meta":{"footnotes":""},"class_list":["post-202","page","type-page","status-publish","hentry"],"_links":{"self":[{"href":"https:\/\/amis-st-mathieu.org\/index.php\/wp-json\/wp\/v2\/pages\/202","targetHints":{"allow":["GET"]}}],"collection":[{"href":"https:\/\/amis-st-mathieu.org\/index.php\/wp-json\/wp\/v2\/pages"}],"about":[{"href":"https:\/\/amis-st-mathieu.org\/index.php\/wp-json\/wp\/v2\/types\/page"}],"author":[{"embeddable":true,"href":"https:\/\/amis-st-mathieu.org\/index.php\/wp-json\/wp\/v2\/users\/7"}],"replies":[{"embeddable":true,"href":"https:\/\/amis-st-mathieu.org\/index.php\/wp-json\/wp\/v2\/comments?post=202"}],"version-history":[{"count":9,"href":"https:\/\/amis-st-mathieu.org\/index.php\/wp-json\/wp\/v2\/pages\/202\/revisions"}],"predecessor-version":[{"id":785,"href":"https:\/\/amis-st-mathieu.org\/index.php\/wp-json\/wp\/v2\/pages\/202\/revisions\/785"}],"wp:attachment":[{"href":"https:\/\/amis-st-mathieu.org\/index.php\/wp-json\/wp\/v2\/media?parent=202"}],"curies":[{"name":"wp","href":"https:\/\/api.w.org\/{rel}","templated":true}]}}

Préparer votre visite : horaires et tarifs

<p><strong>HORAIRES 2024<br></strong>Été (juillet et août)&nbsp;: 10h30-13h00 / 14h00-19h30<br><em>Pour toute visite du musée hors de ces périodes, merci de <a href="https://amis-st-mathieu.org/index.php/contact/" target="_blank" rel="noreferrer noopener">contacter</a> l’association.&nbsp;</em></p>



<p>Offertes par l’association, des <strong>visites guidées</strong> du site (hors phare) sont proposées tous les après-midi durant la période estivale, ainsi que pour les Journées du Patrimoine. Pour toute visite guidée hors de ces périodes, <a href="https://amis-st-mathieu.org/index.php/contact/" target="_blank" rel="noreferrer noopener">contacter</a> l’association. Pour en savoir plus, voir <a rel="noreferrer noopener" href="https://amis-st-mathieu.org/index.php/les-visites-guidees/" target="_blank">Les visites guidées</a>.</p>



<p><strong>TARIFS DU MUSÉE</strong></p>



<p class="has-medium-font-size"><strong>Billet musée (en vente au musée) : 3,00 €</strong></p>



<p><strong>Billet phare + musée&nbsp;: en vente au phare<br></strong>Plein tarif / Adultes&nbsp;: 5,00 €<br>Enfants&nbsp;: 2,50 €<br>Tarif réduit (sur présentation d&rsquo;un justificatif) : 3,50 €</p>


<div class="wp-block-image is-style-default">
<figure class="aligncenter size-large is-resized"><img loading="lazy" decoding="async" width="1024" height="398" src="https://amis-st-mathieu.org/wp-content/uploads/2020/12/photo-Musee-_2-1024x398.jpg" alt="" class="wp-image-325" style="width:419px;height:162px" srcset="https://amis-st-mathieu.org/wp-content/uploads/2020/12/photo-Musee-_2-1024x398.jpg 1024w, https://amis-st-mathieu.org/wp-content/uploads/2020/12/photo-Musee-_2-300x117.jpg 300w, https://amis-st-mathieu.org/wp-content/uploads/2020/12/photo-Musee-_2-768x299.jpg 768w, https://amis-st-mathieu.org/wp-content/uploads/2020/12/photo-Musee-_2-1536x598.jpg 1536w, https://amis-st-mathieu.org/wp-content/uploads/2020/12/photo-Musee-_2-2048x797.jpg 2048w" sizes="auto, (max-width: 767px) 89vw, (max-width: 1000px) 54vw, (max-width: 1071px) 543px, 580px" /><figcaption class="wp-element-caption">             Le musée, en contre-bas du phare (photo Armand Breton).</figcaption></figure>
</div>


<p><strong>ACCÈS</strong></p>



<p><em>En voiture&nbsp;:<br></em>Depuis le bourg de Plougonvelin&nbsp;: 5 minutes.&nbsp;<br>Depuis le bourg du Conquet&nbsp;: 10 minutes.&nbsp;<br>Depuis Brest&nbsp;: 35-40 minutes.</p>



<p><strong>SERVICES</strong></p>



<p><strong>Parkings</strong>&nbsp;: en face de l’hostellerie, ou derrière l’enclos des moines <em>(voir le plan ci-dessous)</em>.&nbsp;<br><strong>WC</strong>&nbsp;: en contre-bas du parking principal (près du sentier côtier, dans l’entrée du terrain militaire) ou derrière l’enclos des moines <em>(voir le plan ci-dessous)</em>.</p>

<p>HORAIRES 2024Été (juillet et août)&nbsp;: 10h30-13h00 / 14h00-19h30Pour toute visite du musée hors de ces périodes, merci de contacter l’association.&nbsp; Offertes par l’association, des visites guidées du site (hors phare) sont proposées tous les après-midi durant la période estivale, ainsi que pour les Journées du Patrimoine. Pour toute visite guidée hors de ces périodes, contacter &hellip; </p>
<p class="link-more"><a href="https://amis-st-mathieu.org/index.php/preparer-votre-visite/" class="more-link">Continuer la lecture<span class="screen-reader-text"> de &laquo;&nbsp;Préparer votre visite : horaires et tarifs&nbsp;&raquo;</span></a></p>
